 f(c) = -101*c**2 - 12455*c - 74716. Calculate f(-6).
-3622
Let m(t) = 286*t + 104709. Calculate m(-365).
319
Let f(o) = -o**3 - 377*o**2 - 804*o - 20251. What is f(-375)?
-1
Let o(h) = -4*h**3 + 866*h**2 + 322*h + 24309. Calculate o(217).
5
Let x(b) = -3*b**3 + 72*b**2 - 213*b - 430. What is x(20)?
110
Let u(d) = d**3 + 19*d**2 + 180*d + 990. Give u(-11).
-22
Let u(i) = -i**3 - 29*i**2 - 28*i + 145. Give u(-28).
145
Let z(a) = -2*a**3 + 82*a**2 - 898*a + 2628. Calculate z(11).
10
Let w(i) = 24055*i + 673450. Calculate w(-28).
-90
Let h(z) = -z**3 + 68*z**2 - 812*z + 10574. Calculate h(57).
29
Let c(p) = 5174*p + 82856. Determine c(-16).
72
Let f(d) = -d**3 - 178*d**2 - 1199*d - 282. Calculate f(-171).
60
Let s(w) = 5*w**2 + 347*w + 5980. Give s(-37).
-14
Let n(u) = -u**2 + 1628*u - 156650. What is n(103)?
425
Let g(u) = -5*u**2 + 46*u + 483. Give g(-10).
-477
Let g(w) = -72*w + 695. What is g(28)?
-1321
Let t(p) = -p**2 - 24*p + 1123. Give t(-56).
-669
Let q(o) = 1651*o - 149509. Calculate q(91).
732
Let g(w) = 564*w**2 + 359278*w + 6353. Give g(-637).
-17
Let l(k) = 2288*k + 755068. Calculate l(-330).
28
Let w(j) = 2*j**3 + 19*j**2 - 192*j + 244. Determine w(-16).
-12
Let q(c) = 9*c**3 + 63*c**2 + 3997*c + 23660. Calculate q(-6).
2
Let o(g) = 33*g**2 - 426*g - 852. Calculate o(-2).
132
Let g(k) = 93*k - 25303. What is g(272)?
-7
Let t(s) = 1341*s - 7364. Give t(6).
682
Let k(b) = 6388*b + 50848. Calculate k(-8).
-256
Let f(b) = b**2 - 38217*b + 114645. Determine f(3).
3
Let i(x) = x**3 - 295*x**2 - 22551*x - 1128. Determine i(358).
-54
Let t(r) = -338*r**2 - 8110*r + 20. Determine t(-24).
-28
Let z(n) = 187*n - 182. Calculate z(2).
192
Let j(d) = -922551*d + 5535311. Calculate j(6).
5
Let j(y) = 36*y**2 + 1373*y - 73090. Determine j(-68).
10
Let x(w) = 10138*w + 183973. Give x(-18).
1489
Let x(d) = -2*d**3 - 136*d**2 - 733*d + 188. What is x(-62)?
-494
Let l(o) = -o**3 - 286*o**2 + 76*o - 60515. Calculate l(-287).
42
Let o(z) = -56723*z + 1304633. Determine o(23).
4
Let m(k) = -5756*k - 17124. Give m(-3).
144
Let z(h) = 13*h**2 - 287*h - 2094. Calculate z(24).
-1494
Let k(b) = -3192*b - 67026. What is k(-21)?
6
Let t(h) = 1242402*h - 4969580. Give t(4).
28
Let i(x) = x**3 + 111*x**2 - 276*x - 53821. Calculate i(-109).
25
Let a(u) = u**3 + 41*u**2 + 496*u + 1527. What is a(-18)?
51
Let u(a) = a**3 + 28*a**2 + 49*a + 586. Give u(-27).
-8
Let l(g) = 37859*g - 5186678. Determine l(137).
5
Let j(s) = -39529*s - 30674511. Give j(-776).
-7
Let m(o) = -o**2 - 6220*o - 6218. Calculate m(-1).
1
Let o(q) = q**3 - 28*q**2 - 3162*q - 434. Calculate o(72).
-2
Let j(r) = -r**3 + 13*r**2 + 11*r - 8. What is j(14)?
-50
Let l(g) = -4295*g + 21383. Calculate l(5).
-92
Let a(d) = -22*d**2 + 322*d - 2. Give a(6).
1138
Let i(h) = h**3 + 5*h**2 - 41*h + 212. Give i(7).
513
Let i(o) = 86*o + 165. What is i(0)?
165
Let c(q) = -q**3 + 77*q**2 - 113*q + 1780. Calculate c(76).
-1032
Let j(i) = 13*i**2 - 121*i + 85. Determine j(11).
327
Let x(i) = -427*i - 2325. Calculate x(-4).
-617
Let a(v) = -24*v**2 - 9944*v - 3328. Calculate a(-414).
-16
Let l(k) = -10*k**2 + 759*k - 11163. Give l(20).
17
Let g(p) = -45966*p**2 - 551588*p + 18. Determine g(-12).
-30
Let j(m) = 5857*m + 966396. What is j(-165)?
-9
Let z(y) = -14*y**2 + 986*y - 406. Calculate z(70).
14
Let r(z) = 12257*z**2 - 2806853*z - 34. Give r(229).
-34
Let g(u) = 142*u + 6580. What is g(-56)?
-1372
Let d(o) = -2336*o + 44311. Give d(19).
-73
Let m(a) = 2*a**3 - 124*a**2 - 373*a + 99. Determine m(65).
1204
Let v(b) = -368*b - 14418. What is v(-37)?
-802
Let h(x) = -778*x + 811. What is h(1)?
33
Let g(m) = -2*m**3 + 58*m**2 - 383*m + 463. Give g(20).
3
Let u(d) = -103*d**3 - 15658*d**2 - 305*d - 142. Give u(-152).
10
Let n(s) = 77583*s - 1396515. Determine n(18).
-21
Let b(c) = 7403*c - 4774944. What is b(645)?
-9
Let a(g) = g**3 + g**2 + 25*g + 1473. Give a(0).
1473
Let d(a) = 6426*a + 867489. Calculate d(-135).
-21
Let o(c) = -3*c**2 + 50*c + 5916. Calculate o(51).
663
Let w(t) = 3*t**3 - 19*t**2 - 102*t + 63. Calculate w(8).
-433
Let n(j) = -15668*j + 391714. Give n(25).
14
Let k(n) = -3*n**3 + 21*n**2 + 53*n + 28. What is k(13)?
-2325
Let u(j) = -64*j**2 - 4470*j + 690. Determine u(-70).
-10
Let v(d) = 466*d - 19434. What is v(42)?
138
Let v(h) = 15*h**2 + 1316*h + 25092. Determine v(-28).
4
Let w(p) = p**3 - 63*p**2 + 348*p - 516. Determine w(57).
-174
Let t(q) = -19071*q + 3642559. What is t(191)?
-2
Let v(o) = o**3 + 120*o**2 + 789*o + 239. Give v(-113).
465
Let v(b) = b**2 - 2096*b + 295490. Give v(152).
2
Let o(f) = -f**3 + 5*f**2 + 368*f - 2704. What is o(8)?
48
Let m(x) = x**3 + 742*x**2 + 85216*x + 2265. Determine m(-142).
-7
Let k(u) = -12*u**2 + 2621*u - 64634. What is k(190)?
156
Let t(c) = -2*c**2 + 1044*c + 711312. Calculate t(-390).
-48
Let q(x) = x**3 + 11*x**2 - 101*x + 108. Calculate q(-18).
-342
Let l(v) = -v**3 - 27*v**2 + 467*v - 1605. Determine l(7).
-2
Let w(a) = 3382*a + 1626749. What is w(-481)?
7
Let v(c) = 30*c**2 - 3118*c + 36. Give v(0).
36
Let m(u) = -u**3 - 37*u**2 - 208*u + 14. Give m(-15).
-1816
Let j(b) = b**3 + 113*b**2 - 19763*b + 226. Determine j(95).
-59
Let a(j) = -8*j**3 - 423*j**2 - 2838*j - 81. What is a(-45)?
54
Let j(c) = c**3 - 24*c**2 + 157*c - 2493. What is j(22)?
-7
Let o(l) = -l**3 + 141*l**2 - 3329*l + 55. Give o(30).
85
Let p(w) = -9*w**3 + 294*w**2 - 134*w + 111. Determine p(32).
1967
Let q(g) = -63991*g - 575927. Give q(-9).
-8
Let l(p) = 1185*p - 80706. Determine l(68).
-126
Let s(k) = 6*k**3 - 49*k**2 - 402*k + 285. What is s(13)?
-40
Let m(c) = 319*c - 7555. Calculate m(25).
420
Let f(d) = -4256570*d + 46822273. Calculate f(11).
3
Let k(h) = 36*h**2 - 217*h - 480. Give k(8).
88
Let z(k) = 2536*k + 200347. Give z(-79).
3
Let a(g) = -93591*g + 280794. Calculate a(3).
21
Let s(x) = 1112*x + 6450. Calculate s(-6).
-222
Let l(t) = -13*t**2 - 2466*t - 51711. What is l(-24)?
-15
Let t(f) = 1873*f - 7437. Calculate t(4).
55
Let m(a) = -5075*a**2 - 10300*a + 1. Give m(-2).
301
Let t(i) = i**3 + 3106*i**2 - 12482*i + 122. What is t(4)?
-46
Let v(l) = -5499*l - 6402. Calculate v(-1).
-903
Let p(f) = -913*f**2 - 3642*f + 51. Calculate p(-4).
11
Let w(h) = 103799*h + 3944362. Give w(-38).
0
Let u(d) = 4*d**2 + 48995*d + 97981. What is u(-2)?
7
Let r(c) = 187*c + 9495. Calculate r(-53).
-416
Let g(b) = -b**3 - 113*b**2 - 97*b + 1677. Calculate g(-112).
-3
Let i(w) = -16*w**3 + 8*w**2 - 55*w + 95. Determine i(2).
-111
Let m(r) = 102124*r + 1327609. Determine m(-13).
-3
Let d(m) = 2*m**2 - 276294*m + 1657692. Give d(6).
0
Let p(s) = 1066*s + 7576. What is p(-8)?
-952
Let o(m) = -3*m**2 - 1700*m + 4375. Give o(-569).
392
Let a(u) = 52*u**2 + 1510*u + 52. Determine a(-29).
-6
Let b(l) = 43*l**2 + 852*l - 4328. Calculate b(-24).
-8
Let f(j) = 18*j**3 + 299*j**2 + 1222*j - 116. Determine f(-9).
-17
Let f(k) = -989*k + 6476. What is f(6)?
542
Let s(d) = 1455*d + 17645. What is s(-12)?
185
Let g(v) = 38085*v + 2894461. Calculate g(-76).
1
Let b(f) = 52*f**2 + 926*f + 3589. Determine b(-12).
-35
Let k(u) = 3*u**3 + 262*u**2 + 2379*u - 604. Give k(-77).
12
Let b(o) = -362933*o - 2177621. Determine b(-6).
-23
Let r(t) = 1021*t**3 + t**2 - 221*t - 221. Calculate r(-1).
-1020
Let b(m) = -124*m + 915. Calculate b(-5).
1535
Let y(f) = -24*f**3 + 23*f**2 + 710*f + 1. Calculate y(-5).
26
Let p(y) = 24*y**2 + 1669*y - 246. Give p(-70).
524
Let r(o) = 6113*o + 250627. Give r(-41).
-6
Let u(h) = 2*h**2 - 51*h + 74. What is u(7)?
-185
Let a(u) = u**3 - 52*u**2 + 1047*u - 62370. Determine a(54).
0
Let s(r) = 106*r - 15623. Give s(171).
2503
Let a(u) = -u**2 + 2858*u - 1334767. What is a(588)?
-7
Let g(m) = 9*m**2 - 579024*m + 5210485. What is g(9)?
-2
Let k(a) = -a**3 + 13*a**2 + 4421*a - 44475. What is k(10)?
35
Let d(r) = 75*r + 10748. Give d(-141).
173
Let k(c) = -5*c**3 - 1360*c**2 - c - 276. Determine k(-272).
-4
Let i(s) = 9*s**3 + 3568*s**2 - 1973*s + 4738. What is i(-397)?
-26
Let c(t) = -t**3 - 1548*t**2 - 665*t + 1364460. Give c(-1547).
6
Let g(d) = -859*d + 123552. Determine g(144).
-144
Let j(y) = -45*y**2 - 701*y - 1963. What is j(-12)?
-31
Let s(w) = 5*w**2 + 237*w + 2908. What is s(-24)?
100
Let m(y) = 1441*y + 38. Determine m(-1).
-1403
Let a(r) = 8*r**2 + 72*r - 1052. 